{"id":21,"date":"2019-06-10T13:07:12","date_gmt":"2019-06-10T11:07:12","guid":{"rendered":"http:\/\/klf.strony.uw.edu.pl\/?page_id=21"},"modified":"2022-05-25T12:38:58","modified_gmt":"2022-05-25T10:38:58","slug":"kontakt-2","status":"publish","type":"page","link":"http:\/\/klf.uw.edu.pl\/?page_id=21","title":{"rendered":"Kontakt"},"content":{"rendered":"<p>Uniwersytet Warszawski<br \/>\nWydzia\u0142 Neofilologii<br \/>\nKatedra Lingwistyki Formalnej<br \/>\n<a href=\"http:\/\/mapa.targeo.pl\/Warszawa,dobra%2055\">ul. Dobra 55<\/a><br \/>\n00-312 Warszawa<\/p>\n<p><strong>Sekretariat:<\/strong><\/p>\n<p>Ewa Janukowicz<\/p>\n<p>email: e.janukowicz@uw.edu.pl<\/p>\n<p><strong>Telefony:<\/strong><\/p>\n<p>22 55 26 067 (pok\u00f3j 2.046)<br \/>\n22 55 20 918 (pok\u00f3j 2.048)<br \/>\n22 55 21 318 (pok\u00f3j 2.049)<br \/>\n22 55 26 048 (pok\u00f3j 2.050)<\/p>\n<p><strong>Faks:<\/strong><\/p>\n<p>22 55 26 030 (pok\u00f3j 2.048)<\/p>\n","protected":false},"excerpt":{"rendered":"<p>Uniwersytet Warszawski Wydzia\u0142 Neofilologii Katedra Lingwistyki Formalnej ul. Dobra 55 00-312 Warszawa Sekretariat: Ewa Janukowicz email: e.janukowicz@uw.edu.pl Telefony: 22 55 26 067 (pok\u00f3j 2.046) 22 55 20 918 (pok\u00f3j 2.048) 22 55 21 318 (pok\u00f3j 2.049) 22 55 26 048 &hellip; <a href=\"http:\/\/klf.uw.edu.pl\/?page_id=21\">Czytaj dalej <span class=\"meta-nav\">&rarr;<\/span><\/a><\/p>\n","protected":false},"author":1005,"featured_media":0,"parent":0,"menu_order":0,"comment_status":"closed","ping_status":"closed","template":"","meta":{"_mi_skip_tracking":false,"_links_to":"","_links_to_target":""},"acf":[],"_links":{"self":[{"href":"http:\/\/klf.uw.edu.pl\/index.php?rest_route=\/wp\/v2\/pages\/21"}],"collection":[{"href":"http:\/\/klf.uw.edu.pl\/index.php?rest_route=\/wp\/v2\/pages"}],"about":[{"href":"http:\/\/klf.uw.edu.pl\/index.php?rest_route=\/wp\/v2\/types\/page"}],"author":[{"embeddable":true,"href":"http:\/\/klf.uw.edu.pl\/index.php?rest_route=\/wp\/v2\/users\/1005"}],"replies":[{"embeddable":true,"href":"http:\/\/klf.uw.edu.pl\/index.php?rest_route=%2Fwp%2Fv2%2Fcomments&post=21"}],"version-history":[{"count":2,"href":"http:\/\/klf.uw.edu.pl\/index.php?rest_route=\/wp\/v2\/pages\/21\/revisions"}],"predecessor-version":[{"id":203,"href":"http:\/\/klf.uw.edu.pl\/index.php?rest_route=\/wp\/v2\/pages\/21\/revisions\/203"}],"wp:attachment":[{"href":"http:\/\/klf.uw.edu.pl\/index.php?rest_route=%2Fwp%2Fv2%2Fmedia&parent=21"}],"curies":[{"name":"wp","href":"https:\/\/api.w.org\/{rel}","templated":true}]}}